-4). Let g = 112 + d. Calculate the remainder when -1 - (-2)/((-4)/(-158)) is divided by g.
14
Let j be (39/(-6))/((-1)/2). Suppose 3*z = 184 - j. Suppose 4*c + z = 5*x, c - 6 = -x + 9. What is the remainder when 24 is divided by x?
11
Suppose 92*y = 85*y + 581. Calculate the remainder when y is divided by 30.
23
Let n = 14 - -19. Suppose -5*k = 5*u + 60, u + 4 - 1 = 0. Let w = k - -16. Calculate the remainder when n is divided by w.
5
What is the remainder when 1850 is divided by -1*(-2074)/183*(-6)/(-4)?
14
Suppose 650 = 16*k + 9*k. What is the remainder when 327 is divided by k?
15
Suppose -45*p + 4 = -49*p. What is the remainder when (-2)/(-4)*154 + p is divided by 13?
11
Suppose -i - 6 = 2. Calculate the remainder when 32 is divided by (-2)/i - 108/(-16).
4
Let x(u) = -u + 6. Suppose -5*o + 76 = 2*r + 26, 4*o = 4*r - 72. Calculate the remainder when r is divided by x(-6).
8
Let l = 1013 + -857. Calculate the remainder when l is divided by 40.
36
Suppose 2*m = m - 2, -4*p + 6 = m. Suppose 4*q - 4*u = -p - 2, 0 = 3*q - 2*u. Suppose 80 = -q*v + 4*v. What is the remainder when v is divided by 11?
7
Let o be 3/(-2)*(-128)/6. Let l be (-63)/(-4) + (-24)/o. Suppose 2*f - 3*d + 2 - l = 0, 2*d = 2*f - 18. Calculate the remainder when f is divided by 4.
2
Suppose q - 6 = 2*c, -10*c = -3*q - 8*c + 26. What is the remainder when 56 is divided by q?
6
What is the remainder when 2032/48 + (-4)/(-6) is divided by 9?
7
What is the remainder when (-182)/(-6) + (-1)/3 is divided by (3 - 30/9)/((-1)/51)?
13
Let v = 13 + -6. What is the remainder when (95/15)/((-4)/(-12)) is divided by v?
5
Let v(x) = 14*x. Let j be v(1). Let n(h) = 3*h - 17. Let u be n(7). Suppose q - u = j. What is the remainder when q is divided by 7?
4
Suppose 0 = x - 605 + 491. What is the remainder when x is divided by 26?
10
Suppose 0 = -a + 6*a - 25. Suppose -5*p + 16 = 3*n, 2*n + 4*p - 7 = a. Suppose 107 = n*k + 5. What is the remainder when k is divided by 13?
12
Let r = -21 + 29. Suppose r*o - 40 = 3*o. Let c = 14 - o. Calculate the remainder when 22 is divided by c.
4
Let x = -95 - -94. Let g be -62*(-2)/4 - 2. What is the remainder when (x - (-10)/5) + g is divided by 17?
13
Let u = -408 + 427. What is the remainder when 37 is divided by u?
18
Let s be ((-2)/5)/(42/(-105)). Suppose -2*c + 12 = -5*c. Let u = s - c. Calculate the remainder when 6 is divided by u.
1
Suppose 4*c + 12 = 4*w - 12, 0 = -2*w - 2*c - 4. Suppose 4*t - 245 = -5*r - t, t = -w. What is the remainder when r is divided by 22?
7
Let a = 64 + -35. Let k = -16 + a. Let h(t) = -3*t + 5. Calculate the remainder when h(-15) is divided by k.
11
Let x(r) = -r**2 + 7*r + 1. Let m be x(8). Suppose 2*d = -4*h + 76 - 20, 3*d + 36 = 2*h. What is the remainder when h is divided by 2 - 2 - m - -2?
6
Suppose -2*x = z - 13, 0*z + z - 8 = -x. Suppose -24 = -2*l + k - 4*k, -2*k + 71 = x*l. Calculate the remainder when (-8)/10*145/(-2) is divided by l.
13
Suppose 5*u - 226 = -m, m - 180 = -4*u - 0*m. Calculate the remainder when u is divided by 11.
2
Let u = -137 - -186. Calculate the remainder when 100 is divided by u.
2
Let w(f) = -3*f + 14. Let c be w(6). Let x be (-12)/(c + 6) - -3. What is the remainder when 18 is divided by (-4)/((0 + x)/3)?
2
Let h = -405 + 411. What is the remainder when 4/(-6) - 32/(-3) is divided by h?
4
Suppose -2*i = i. Suppose 0 = 3*p - 3, i = w + p - 4*p + 20. What is the remainder when (-42)/8*272/w is divided by 29?
26
Suppose 2*w = -2*w + 32. Let o = w + -4. Let x(c) = 2*c**2 - 46*c - 85. Calculate the remainder when x(25) is divided by o.
3
Suppose p = h + 3*p + 7, -4*h + 5*p = -24. Suppose -3 = 3*q - 6. What is the remainder when q - (-3 + (-3)/(-1)) is divided by h?
0
Let h = 3164 + -3104. What is the remainder when 78 is divided by h?
18
Suppose 4*k = -3*x + 977, -100*k - 3*x - 759 = -103*k. What is the remainder when k is divided by 42?
38
Suppose 80*z + 408 = 86*z. What is the remainder when z is divided by 45?
23
Calculate the remainder when 73 is divided by (-8)/(-6)*936/48.
21
Suppose 8 = 4*d, 3*d = 3*c - 0*d - 18. Calculate the remainder when c is divided by (-1)/3*5*-3.
3
Let t(g) = 3*g**3 - 3*g**2 + g + 2. Suppose -4*y - 3*j = -13 - 47, 2*y - 5*j - 30 = 0. Calculate the remainder when t(3) is divided by y.
14
Let a = 13 + -8. Let y(q) = -q**3 + 2*q**3 - 5 + 14 + 7*q + 2*q**2 + 6*q**2. What is the remainder when y(-7) is divided by a?
4
Suppose -93 + 12 = -3*s. Suppose 0 = -o + 29 - s. Suppose -90 = -o*k - 2*f - 28, 0 = -4*k - f + 118. Calculate the remainder when 113 is divided by k.
26
What is the remainder when 30 is divided by (-224)/(-22) + 1 - 34/187?
8
Let s(j) = -j**3 - 4*j**2 + j - 3. Let b be s(-4). Suppose 3*h + 13 - 28 = 0. What is the remainder when (-2)/b + (-235)/(-35) is divided by h?
2
Let y(v) = v**2 - 150*v + 1020. Calculate the remainder when 251 is divided by y(7).
4
Suppose 71*c - 416 = 45*c. What is the remainder when 48 is divided by c?
0
Suppose -3*o - o + 12 = 0. Suppose -4*u = -5*n + 45, -o*u - 50 = -5*n + 2*u. Let i = -4388 + 4415. What is the remainder when i is divided by n?
2
Let y = -11 - -14. Let a(z) = -z**3 + 39*z**2 + 80*z + 83. Calculate the remainder when y is divided by a(41).
0
Let z(o) = -3*o**2 + 49*o + 27. Calculate the remainder when z(12) is divided by 23.
22
Suppose 0 = -5*d + 2*d + 84. Let t = 94 - -13. Calculate the remainder when t is divided by d.
23
Let v(a) = -3*a - 25. Let h be v(-3). Let g(b) = -3*b + 5. What is the remainder when g(h) is divided by 30?
23
What is the remainder when (1*(-4)/(-12))/((-3)/(-171)) is divided by 4?
3
Let z be (-36)/21 + 4/(-14). Let f be (-2)/z + (-4 - 5). Let h(b) = b**2 + 2*b - 6. What is the remainder when h(f) is divided by 11?
9
Let d be (-3968)/(-44) + (-6)/33. Let z = d - 73. What is the remainder when 64 is divided by z?
13
Suppose -12 = 4*v - 4*n, v - 3*n - n + 15 = 0. Let f be v/((-3)/(-39)*-1). Let a = f + 19. What is the remainder when 23 is divided by a?
5
Suppose 0 = -94*z + 83*z + 451. Calculate the remainder when z is divided by 22.
19
Suppose -8*a + 327 = -3*a + 4*q, 3*q = 5*a - 341. Calculate the remainder when a is divided by 8.
3
Let a(k) = 27*k. Let t be a(5). Calculate the remainder when ((-1)/(10/6))/((-3)/t) is divided by 7.
6
What is the remainder when (36/(-8))/(51/(-9928)) is divided by 40?
36
Let r(x) = -101*x + 38. What is the remainder when r(-5) is divided by 14?
11
Let x be ((-258)/(-18))/(1/3). Suppose 2*w - x = w. Calculate the remainder when w is divided by 11.
10
Suppose 3*l + 2*l - 100 = 0. Let m be 1*8*(4 + (2 - 4)). Let c = l - m. Calculate the remainder when 13 is divided by c.
1
Suppose 226*d = 228*d + t - 369, -735 = -4*d - t. Calculate the remainder when d is divided by 25.
8
Let w = 435 - 196. Let s be 57/(1 - (-5)/(-8)). Suppose -2*i + 4*d + s = 10, d = -4*i + w. What is the remainder when i is divided by 21?
19
Let w = 761 + -642. Calculate the remainder when w is divided by 21.
14
Let h be 2 + 2 + (37 - 5). Suppose -2*g = -h - 16. What is the remainder when g is divided by 14?
12
Let m = -4 - -12. Let n(s) = -s + 3. Let i be n(-2). Suppose 2*c = i*c - 9. Calculate the remainder when m is divided by c.
2
Suppose -3*s + 168 = s. Suppose 7*l - 3*l = 2*a - s, 0 = 3*a + 3*l - 45. What is the remainder when 67 + -2 + 2 + -1 is divided by a?
15
Let r = 39 - 25. Let v(d) be the second derivative of -3*d**3/2 - d**2/2 + d. Calculate the remainder when r is divided by v(-1).
6
Let g = -62 - -60. What is the remainder when 78 is divided by (-33 + g/(-2))*12/(-24)?
14
Let t = 818 - 777. Let n = 25 - 14. What is the remainder when t is divided by n?
8
What is the remainder when 164 is divided by (-10)/75*6 - 432/(-15)?
24
Let a(o) = -o - 7. Let p be a(-5). Let y = 1 + p. What is the remainder when 55 is divided by (-4)/(-1) + y - -11?
13
Suppose -3*w + 0*w + 33 = 0. Calculate the remainder when 3 + 0 - 24/(-1) is divided by w.
5
Let h = 80 - 56. Suppose l - 6 = 27. Let m = 102 - l. What is the remainder when m is divided by h?
21
Let u(s) = -41*s - 67. What is the remainder when 117 is divided by u(-2)?
12
What is the remainder when (-2 - 0) + (49 - (-9 + 5)) is divided by 44?
7
Let t = 1908 - 1559. Calculate the remainder when t is divided by 50.
49
Suppose -3*a =